r when 51423 is divided by 145?
93
Calculate the remainder when 1410 is divided by 274.
40
What is the remainder when 1320 is divided by 657?
6
What is the remainder when 20501 is divided by 394?
13
What is the remainder when 10336 is divided by 496?
416
Calculate the remainder when 29618 is divided by 353.
319
Calculate the remainder when 3967 is divided by 108.
79
Calculate the remainder when 17394 is divided by 1241.
20
What is the remainder when 570255 is divided by 78?
75
What is the remainder when 2158 is divided by 108?
106
Calculate the remainder when 177359 is divided by 9852.
23
What is the remainder when 4176575 is divided by 108?
107
Calculate the remainder when 878 is divided by 137.
56
Calculate the remainder when 1907 is divided by 6.
5
Calculate the remainder when 22651 is divided by 3743.
193
Calculate the remainder when 91641 is divided by 50.
41
Calculate the remainder when 16964 is divided by 18.
8
Calculate the remainder when 7911 is divided by 14.
1
Calculate the remainder when 4345 is divided by 7.
5
What is the remainder when 38914 is divided by 6483?
16
What is the remainder when 20610 is divided by 68?
6
What is the remainder when 144697 is divided by 391?
27
What is the remainder when 250337 is divided by 250336?
1
Calculate the remainder when 198955 is divided by 198941.
14
What is the remainder when 378184 is divided by 189090?
4
What is the remainder when 4295 is divided by 845?
70
What is the remainder when 8971185 is divided by 733?
731
Calculate the remainder when 7871 is divided by 12.
11
Calculate the remainder when 225378 is divided by 317.
308
Calculate the remainder when 3138 is divided by 185.
178
What is the remainder when 23439 is divided by 55?
9
Calculate the remainder when 1820 is divided by 219.
68
What is the remainder when 52542 is divided by 26206?
130
Calculate the remainder when 592359 is divided by 118471.
4
What is the remainder when 2938 is divided by 26?
0
What is the remainder when 167514 is divided by 40?
34
Calculate the remainder when 24009 is divided by 11991.
27
Calculate the remainder when 5221 is divided by 134.
129
Calculate the remainder when 24888 is divided by 24884.
4
Calculate the remainder when 9893 is divided by 74.
51
What is the remainder when 25811 is divided by 200?
11
Calculate the remainder when 1152 is divided by 123.
45
What is the remainder when 16551 is divided by 2353?
80
Calculate the remainder when 4607 is divided by 96.
95
What is the remainder when 13554 is divided by 199?
22
What is the remainder when 1215424 is divided by 151928?
0
What is the remainder when 10688 is divided by 22?
18
What is the remainder when 89744 is divided by 1575?
1544
Calculate the remainder when 930 is divided by 117.
111
Calculate the remainder when 1278 is divided by 85.
3
What is the remainder when 6172 is divided by 2020?
112
What is the remainder when 20397 is divided by 753?
66
Calculate the remainder when 8059 is divided by 11.
7
What is the remainder when 7578 is divided by 451?
362
What is the remainder when 338707 is divided by 13026?
31
Calculate the remainder when 1414 is divided by 271.
59
What is the remainder when 23686 is divided by 11834?
18
Calculate the remainder when 1377 is divided by 769.
608
What is the remainder when 639417 is divided by 6?
3
Calculate the remainder when 3316 is divided by 50.
16
Calculate the remainder when 215520 is divided by 5526.
6
Calculate the remainder when 681 is divided by 30.
21
What is the remainder when 22502 is divided by 36?
2
What is the remainder when 2003 is divided by 543?
374
What is the remainder when 1367 is divided by 195?
2
Calculate the remainder when 1844 is divided by 715.
414
What is the remainder when 68918 is divided by 547?
543
Calculate the remainder when 416009 is divided by 2377.
34
What is the remainder when 147665 is divided by 38?
35
What is the remainder when 1607 is divided by 454?
245
Calculate the remainder when 5810 is divided by 13.
12
Calculate the remainder when 7428 is divided by 925.
28
Calculate the remainder when 9598 is divided by 1796.
618
What is the remainder when 193858 is divided by 22?
16
Calculate the remainder when 5442 is divided by 19.
8
What is the remainder when 3813 is divided by 76?
13
What is the remainder when 2999 is divided by 966?
101
What is the remainder when 28859 is divided by 21?
5
Calculate the remainder when 27237 is divided by 4539.
3
What is the remainder when 5375 is divided by 769?
761
Calculate the remainder when 95606 is divided by 1346.
40
Calculate the remainder when 1721 is divided by 404.
105
What is the remainder when 19253 is divided by 2750?
3
Calculate the remainder when 58177 is divided by 1526.
189
Calculate the remainder when 4515 is divided by 105.
0
Calculate the remainder when 46823 is divided by 363.
359
Calculate the remainder when 48904 is divided by 344.
56
Calculate the remainder when 29899 is divided by 46.
45
Calculate the remainder when 4022 is divided by 116.
78
What is the remainder when 60300 is divided by 68?
52
Calculate the remainder when 8941 is divided by 8902.
39
Calculate the remainder when 18115 is divided by 65.
45
What is the remainder when 2080 is divided by 862?
356
Calculate the remainder when 578348 is divided by 248.
12
Calculate the remainder when 1435 is divided by 716.
3
Calculate the remainder when 3354 is divided by 210.
204
What is the remainder when 5065 is divided by 3?
1
Calculate the remainder when 7355 is divided by 817.
2
Calculate the remainder when 602 is divided by 84.
14
What is the remainder when 30221 is divided by 1375?
1346
What is the remainder when 3547 is divided by 50?
47
Calculate the remainder when 14451 is divided by 64.
51
What is the remainder when 312522 is divided by 463?
460
What is the remainder when 7273 is divided by 259?
21
What is the remainder when 8307 is divided by 192?
51
What is the remainder when 13936 is divided by 6956?
24
Calculate the remainder when 66720 is divided by 33357.
6
What is the remainder when 7149 is divided by 33?
21
Calculate the remainder when 622 is divided by 115.
47
Calculate the remainder when 53632 is divided by 191.
152
What is the remainder when 359474 is divided by 27651?
11
Calculate the remainder when 1970 is divided by 760.
450
Calculate the remainder when 8974 is divided by 51.
49
What is the remainder when 5412 is divided by 312?
108
Calculate the remainder when 17749 is divided by 57.
22
What is the remainder when 126992 is divided by 6046?
26
What is the remainder when 5610 is divided by 1867?
9
Calculate the remainder when 1551 is divided by 761.
29
Calculate the remainder when 13336 is divided by 4058.
1162
What is the remainder when 52524 is divided by 26208?
108
What is the remainder when 223586 is divided by 21?
20
Calculate the remainder when 534 is divided by 500.
34
What is the remainder when 392 is divided by 33?
29
What is the remainder when 78352 is divided by 453?
436
What is the remainder when 8514 is divided by 1699?
19
Calculate the remainder when 674396 is divided by 843.
839
Calculate the remainder when 26422 is divided by 3206.
774
What is the remainder when 2570 is divided by 139?
68
What is the remainder when 1478713 is divided by 47?
46
Calculate the remainder when 670272 is divided by 1741.
1728
Calculate the remainder when 58581 is divided by 217.
208
Calculate the remainder when 382095 is divided by 30.
15
Calculate the remainder when 25539 is divided by 287.
283
What is the remainder when 11784 is divided by 11781?
3
Calculate the remainder when 3708 is divided by 14.
12
Calculate the remainder when 1749 is divided by 186.
75
What is the remainder when 126784 is divided by 187?
185
What is the remainder when 4266 is divided by 1381?
123
What is the remainder when 14611 is divided by 454?
83
Calculate the remainder when 17237 is divided by 8497.
243
What is the remainder when 2102182 is divided by 24?
22
Calculate the remainder when 3909 is divided by 1952.
5
Calculate the remainder when 38149 is divided by 109.
108
What is the remainder when 7058 is divided by 164?
6
What is the remainder when 2914 is divided by 1456?
2
Calculate the remainder when 36559 is divided by 5222.
5
Calculate the remainder when 4103 is divide